{"id":104,"date":"2020-12-02T17:25:58","date_gmt":"2020-12-02T16:25:58","guid":{"rendered":"http:\/\/woodymues.de\/main\/?page_id=104"},"modified":"2021-05-13T02:13:02","modified_gmt":"2021-05-13T00:13:02","slug":"karlh","status":"publish","type":"page","link":"https:\/\/woodymues.de\/main\/karlh\/","title":{"rendered":"karl h. r\u00e4umt ab"},"content":{"rendered":"\n<div class=\"wp-block-group\"><div class=\"wp-block-group__inner-container\">\n<div class=\"wp-block-group\"><div class=\"wp-block-group__inner-container\">\n<div class=\"wp-block-columns are-vertically-aligned-bottom\">\n<div class=\"wp-block-column is-vertically-aligned-bottom\" style=\"flex-basis:66.66%\">\n<div class=\"wp-block-group\"><div class=\"wp-block-group__inner-container\">\n<h1>karl h. r\u00e4umt ab<\/h1>\n\n\n\n<h2>ein faktotum <\/h2>\n\n\n\n<h2>26. &amp; 27. oktober 2019, st. pauli theater<\/h2>\n\n\n\n<p><em>&#8220;Ich muss noch die Stille aufnehmen. Die letzte Stille eines Raumes, die noch die Erinnerung an den Applaus in sich tr\u00e4gt.&#8221;<\/em><\/p>\n\n\n\n<p>Mehr als 400 Jahre streifte Karl zusammen mit Chef durch die gro\u00dfen und kleinen Hamburger Geschichten. Wo immer Chef etwas witterte, baute Karl ihr eine B\u00fchne f\u00fcr ihre Ideen. Und die Leute haben ihnen die Buden eingerannt! Bis die dann immer irgendwann geschlossen, verboten, abgerissen oder anderweitig gentrifiziert wurden. Wann immer so ein Ort verloren ging hat Karl seine Stille eingefangen, sie seinem Sammelalbum hinzugef\u00fcgt, alles abger\u00e4umt und sich von dannen gemacht.<\/p>\n\n\n\n<p>Jetzt, wo die finale Show gelaufen und damit endg\u00fcltig alles Geschichte ist, will Karl ein allerletztes Mal die Stille einsammeln. Umso erstaunter ist er, dass das Publikum noch da ist. Irritiert beginnt er schonmal mit dem Abr\u00e4umen. Doch da, h\u00f6ren Sie? Die Geschichten sind ja in den Dingen drin. Zum Beispiel hier \u2013 dieser Hocker! Der kommt noch aus unserm ersten Theater\u2026<\/p>\n\n\n\n<p>(Ein St\u00fcck von<strong> <a href=\"http:\/\/woodymues.de\/main\/kollektiv-labskaus\/\" data-type=\"page\" data-id=\"773\">Kollektiv Labskaus<\/a><\/strong>)<br><br>&#8211;<br><\/p>\n\n\n\n<div class=\"wp-block-columns\">\n<div class=\"wp-block-column\">\n<p>Regie: Woody Mues<br>B\u00fchne &amp; Kost\u00fcm: Elisa Porsche<br>Dramaturgie: Paul Marwitz<\/p>\n<\/div>\n\n\n\n<div class=\"wp-block-column\">\n<p>Spiel: Max Kurth<br>Musik: Timo Grimm<br>Assistenz: Marlene Kreidt<\/p>\n<\/div>\n<\/div>\n\n\n\n<p>&#8211;<\/p>\n\n\n\n<p><a rel=\"noreferrer noopener\" href=\"https:\/\/vimeo.com\/514939416\" target=\"_blank\"><strong>Link zur Aufzeichnung auf Vimeo<\/strong><\/a><\/p>\n<\/div><\/div>\n<\/div>\n\n\n\n<div class=\"wp-block-column is-vertically-aligned-bottom\" style=\"flex-basis:33.33%\">\n<a target=\"_blank\" href=\"https:\/\/vimeo.com\/514939416\" rel=\"noopener noreferrer\"> \n<div id=\"cf\">\n  <img class=\"bottom\" src=\"\/main\/images\/player\/Karl_H.png\">\n  <img class=\"bottom\" src=\"\/main\/images\/player\/playbutton_orange.png\">\n  <img class=\"top\" src=\"\/main\/images\/player\/playbutton_grau.png\">\n<\/div>\n<\/a>\n\n\n\n<div class=\"wp-block-group\"><div class=\"wp-block-group__inner-container\">\n<p class=\"has-text-align-center has-text-color has-small-font-size\" style=\"color:#929292\">Gesamtes St\u00fcck online sehen <br>(Externer Link zu Vimeo)<\/p>\n\n\n\n<p class=\"has-text-color\" style=\"color:#121212\">&#8211;<\/p>\n<\/div><\/div>\n\n\n\n<a target=\"_blank\" href=\"https:\/\/youtu.be\/t46MYplFQp4\" rel=\"noopener noreferrer\"> \n<div id=\"cf\">\n  <img class=\"bottom\" src=\"\/main\/images\/player\/KarlH_Imagefilm3.png\">\n  <img class=\"bottom\" src=\"\/main\/images\/player\/playbutton_orange.png\">\n  <img class=\"top\" src=\"\/main\/images\/player\/playbutton_grau.png\">\n<\/div>\n<\/a>\n\n\n\n<div class=\"wp-block-group\"><div class=\"wp-block-group__inner-container\">\n<p class=\"has-text-align-center has-text-color has-small-font-size\" style=\"color:#929292\">Imagefilm &#8211; Karl H r\u00e4umt das monsun.theater <br> (Externer Link zu Youtube)<\/p>\n<\/div><\/div>\n\n\n\n<p class=\"has-text-color\" style=\"color:#121212\">&#8211;<\/p>\n<\/div>\n<\/div>\n\n\n\n<p><\/p>\n<\/div><\/div>\n<\/div><\/div>\n\n\n\n<figure class=\"wp-block-gallery columns-2 is-cropped\"><ul class=\"blocks-gallery-grid\"><li class=\"blocks-gallery-item\"><figure><a href=\"http:\/\/woodymues.de\/main\/wp-content\/uploads\/2020\/12\/bild_3-1-1024x683.jpg\"><img loading=\"lazy\" width=\"1024\" height=\"683\" src=\"http:\/\/woodymues.de\/main\/wp-content\/uploads\/2020\/12\/bild_3-1-1024x683.jpg\" alt=\"\" data-id=\"335\" data-link=\"http:\/\/woodymues.de\/main\/karlh\/bild_3-1\/\" class=\"wp-image-335\" srcset=\"https:\/\/woodymues.de\/main\/wp-content\/uploads\/2020\/12\/bild_3-1-1024x683.jpg 1024w, https:\/\/woodymues.de\/main\/wp-content\/uploads\/2020\/12\/bild_3-1-300x200.jpg 300w, https:\/\/woodymues.de\/main\/wp-content\/uploads\/2020\/12\/bild_3-1-768x513.jpg 768w, https:\/\/woodymues.de\/main\/wp-content\/uploads\/2020\/12\/bild_3-1-1536x1025.jpg 1536w, https:\/\/woodymues.de\/main\/wp-content\/uploads\/2020\/12\/bild_3-1-2048x1367.jpg 2048w\" sizes=\"(max-width: 1024px) 100vw, 1024px\" \/><\/a><\/figure><\/li><li class=\"blocks-gallery-item\"><figure><a href=\"http:\/\/woodymues.de\/main\/wp-content\/uploads\/2020\/12\/bild_1-1024x683.jpg\"><img loading=\"lazy\" width=\"1024\" height=\"683\" src=\"http:\/\/woodymues.de\/main\/wp-content\/uploads\/2020\/12\/bild_1-1024x683.jpg\" alt=\"\" data-id=\"332\" data-link=\"http:\/\/woodymues.de\/main\/karlh\/bild_1\/\" class=\"wp-image-332\" srcset=\"https:\/\/woodymues.de\/main\/wp-content\/uploads\/2020\/12\/bild_1-1024x683.jpg 1024w, https:\/\/woodymues.de\/main\/wp-content\/uploads\/2020\/12\/bild_1-300x200.jpg 300w, https:\/\/woodymues.de\/main\/wp-content\/uploads\/2020\/12\/bild_1-768x513.jpg 768w, https:\/\/woodymues.de\/main\/wp-content\/uploads\/2020\/12\/bild_1-1536x1025.jpg 1536w, https:\/\/woodymues.de\/main\/wp-content\/uploads\/2020\/12\/bild_1-2048x1367.jpg 2048w\" sizes=\"(max-width: 1024px) 100vw, 1024px\" \/><\/a><\/figure><\/li><li class=\"blocks-gallery-item\"><figure><a href=\"http:\/\/woodymues.de\/main\/wp-content\/uploads\/2020\/12\/bild_6-1024x683.jpg\"><img loading=\"lazy\" width=\"1024\" height=\"683\" src=\"http:\/\/woodymues.de\/main\/wp-content\/uploads\/2020\/12\/bild_6-1024x683.jpg\" alt=\"\" data-id=\"337\" data-link=\"http:\/\/woodymues.de\/main\/karlh\/bild_6\/\" class=\"wp-image-337\" srcset=\"https:\/\/woodymues.de\/main\/wp-content\/uploads\/2020\/12\/bild_6-1024x683.jpg 1024w, https:\/\/woodymues.de\/main\/wp-content\/uploads\/2020\/12\/bild_6-300x200.jpg 300w, https:\/\/woodymues.de\/main\/wp-content\/uploads\/2020\/12\/bild_6-768x513.jpg 768w, https:\/\/woodymues.de\/main\/wp-content\/uploads\/2020\/12\/bild_6-1536x1025.jpg 1536w, https:\/\/woodymues.de\/main\/wp-content\/uploads\/2020\/12\/bild_6-2048x1367.jpg 2048w\" sizes=\"(max-width: 1024px) 100vw, 1024px\" \/><\/a><\/figure><\/li><li class=\"blocks-gallery-item\"><figure><a href=\"http:\/\/woodymues.de\/main\/wp-content\/uploads\/2020\/12\/bild_8-1-scaled.jpg\"><img loading=\"lazy\" width=\"1024\" height=\"672\" src=\"http:\/\/woodymues.de\/main\/wp-content\/uploads\/2020\/12\/bild_8-1-1024x672.jpg\" alt=\"\" data-id=\"341\" data-full-url=\"http:\/\/woodymues.de\/main\/wp-content\/uploads\/2020\/12\/bild_8-1-scaled.jpg\" data-link=\"http:\/\/woodymues.de\/main\/karlh\/bild_8-1\/\" class=\"wp-image-341\" srcset=\"https:\/\/woodymues.de\/main\/wp-content\/uploads\/2020\/12\/bild_8-1-1024x672.jpg 1024w, https:\/\/woodymues.de\/main\/wp-content\/uploads\/2020\/12\/bild_8-1-300x197.jpg 300w, https:\/\/woodymues.de\/main\/wp-content\/uploads\/2020\/12\/bild_8-1-768x504.jpg 768w, https:\/\/woodymues.de\/main\/wp-content\/uploads\/2020\/12\/bild_8-1-1536x1007.jpg 1536w, https:\/\/woodymues.de\/main\/wp-content\/uploads\/2020\/12\/bild_8-1-2048x1343.jpg 2048w\" sizes=\"(max-width: 1024px) 100vw, 1024px\" \/><\/a><\/figure><\/li><li class=\"blocks-gallery-item\"><figure><a href=\"http:\/\/woodymues.de\/main\/wp-content\/uploads\/2020\/12\/bild_9-1024x683.jpg\"><img loading=\"lazy\" width=\"1024\" height=\"683\" src=\"http:\/\/woodymues.de\/main\/wp-content\/uploads\/2020\/12\/bild_9-1024x683.jpg\" alt=\"\" data-id=\"339\" data-link=\"http:\/\/woodymues.de\/main\/karlh\/bild_9\/\" class=\"wp-image-339\" srcset=\"https:\/\/woodymues.de\/main\/wp-content\/uploads\/2020\/12\/bild_9-1024x683.jpg 1024w, https:\/\/woodymues.de\/main\/wp-content\/uploads\/2020\/12\/bild_9-300x200.jpg 300w, https:\/\/woodymues.de\/main\/wp-content\/uploads\/2020\/12\/bild_9-768x513.jpg 768w, https:\/\/woodymues.de\/main\/wp-content\/uploads\/2020\/12\/bild_9-1536x1025.jpg 1536w, https:\/\/woodymues.de\/main\/wp-content\/uploads\/2020\/12\/bild_9-2048x1367.jpg 2048w\" sizes=\"(max-width: 1024px) 100vw, 1024px\" \/><\/a><\/figure><\/li><li class=\"blocks-gallery-item\"><figure><a href=\"http:\/\/woodymues.de\/main\/wp-content\/uploads\/2020\/12\/bild_7-1024x683.jpg\"><img loading=\"lazy\" width=\"1024\" height=\"683\" src=\"http:\/\/woodymues.de\/main\/wp-content\/uploads\/2020\/12\/bild_7-1024x683.jpg\" alt=\"\" data-id=\"336\" data-link=\"http:\/\/woodymues.de\/main\/karlh\/bild_7\/\" class=\"wp-image-336\" srcset=\"https:\/\/woodymues.de\/main\/wp-content\/uploads\/2020\/12\/bild_7-1024x683.jpg 1024w, https:\/\/woodymues.de\/main\/wp-content\/uploads\/2020\/12\/bild_7-300x200.jpg 300w, https:\/\/woodymues.de\/main\/wp-content\/uploads\/2020\/12\/bild_7-768x513.jpg 768w, https:\/\/woodymues.de\/main\/wp-content\/uploads\/2020\/12\/bild_7-1536x1025.jpg 1536w, https:\/\/woodymues.de\/main\/wp-content\/uploads\/2020\/12\/bild_7-2048x1367.jpg 2048w\" sizes=\"(max-width: 1024px) 100vw, 1024px\" \/><\/a><\/figure><\/li><\/ul><\/figure>\n\n\n\n<p>Fotos: Laura Gericke<\/p>\n","protected":false},"excerpt":{"rendered":"<p>Fotos: Laura Gericke<\/p>\n","protected":false},"author":1,"featured_media":0,"parent":0,"menu_order":0,"comment_status":"closed","ping_status":"closed","template":"","meta":{"ngg_post_thumbnail":0},"_links":{"self":[{"href":"https:\/\/woodymues.de\/main\/wp-json\/wp\/v2\/pages\/104"}],"collection":[{"href":"https:\/\/woodymues.de\/main\/wp-json\/wp\/v2\/pages"}],"about":[{"href":"https:\/\/woodymues.de\/main\/wp-json\/wp\/v2\/types\/page"}],"author":[{"embeddable":true,"href":"https:\/\/woodymues.de\/main\/wp-json\/wp\/v2\/users\/1"}],"replies":[{"embeddable":true,"href":"https:\/\/woodymues.de\/main\/wp-json\/wp\/v2\/comments?post=104"}],"version-history":[{"count":11,"href":"https:\/\/woodymues.de\/main\/wp-json\/wp\/v2\/pages\/104\/revisions"}],"predecessor-version":[{"id":1423,"href":"https:\/\/woodymues.de\/main\/wp-json\/wp\/v2\/pages\/104\/revisions\/1423"}],"wp:attachment":[{"href":"https:\/\/woodymues.de\/main\/wp-json\/wp\/v2\/media?parent=104"}],"curies":[{"name":"wp","href":"https:\/\/api.w.org\/{rel}","templated":true}]}}